c
Convert 10330 (base 5) to base 15.
32a
120102011 (base 3) to base 11
8495
-380 (base 9) to base 12
-223
What is 35 (base 8) in base 2?
11101
What is 907d (base 16) in base 11?
25877
Convert 10 (base 6) to base 7.
6
What is -2cb6 (base 16) in base 6?
-124554
-213113 (base 4) to base 2
-100111010111
21101 (base 5) to base 10
1401
-4d8d (base 15) to base 14
-606a
102122 (base 4) to base 16
49a
-106 (base 16) to base 5
-2022
Convert 9107 (base 12) to base 6.
200411
Convert 5f7 (base 16) to base 7.
4311
3393 (base 12) to base 5
140402
Convert -17364 (base 10) to base 3.
-212211010
-53477 (base 9) to base 13
-13150
What is -e0c (base 16) in base 9?
-4835
What is 130302 (base 4) in base 7?
5241
22c (base 15) to base 9
606
Convert -10500 (base 6) to base 2.
-10111000100
20283 (base 11) to base 5
1421430
-23241 (base 5) to base 11
-1302
What is -367 (base 9) in base 5?
-2204
Convert -2223 (base 4) to base 2.
-10101011
601 (base 8) to base 7
1060
What is 11 (base 7) in base 4?
20
2013322 (base 4) to base 8
20772
What is -1596 (base 16) in base 10?
-5526
Convert -4013 (base 5) to base 16.
-1fc
Convert -1161 (base 10) to base 5.
-14121
What is -3e7 (base 16) in base 2?
-1111100111
Convert 1121020 (base 4) to base 2.
1011001001000
-61226 (base 9) to base 16
-9d59
What is 8587 (base 9) in base 11?
4822
What is 2504 (base 8) in base 3?
1211221
What is -1241 (base 10) in base 6?
-5425
-4288 (base 12) to base 11
-5540
Convert -808 (base 12) to base 4.
-102020
-110001110000 (base 2) to base 16
-c70
What is 100001111111 (base 2) in base 12?
1313
What is 1000011111 (base 2) in base 5?
4133
Convert 1718 (base 10) to base 8.
3266
Convert 383 (base 13) to base 5.
4424
296 (base 12) to base 2
110010010
-311 (base 16) to base 11
-654
What is 10132020 (base 4) in base 12?
a720
Convert a21a (base 11) to base 7.
54400
Convert -9801 (base 12) to base 11.
-11607
-1001110 (base 2) to base 3
-2220
Convert -22310 (base 4) to base 10.
-692
Convert -196c1 (base 15) to base 7.
-462421
What is 2831 (base 10) in base 11?
2144
1845 (base 15) to base 14
1ca4
-2102 (base 7) to base 11
-610
5bb5 (base 12) to base 4
2201321
1111122 (base 3) to base 6
5025
5400 (base 6) to base 12
860
Convert -1067 (base 12) to base 10.
-1807
Convert -241b (base 16) to base 6.
-110443
Convert 100100110 (base 2) to base 8.
446
Convert -9b7 (base 15) to base 10.
-2197
Convert 3de (base 15) to base 16.
374
What is 1059 (base 14) in base 10?
2823
What is -100011001111 (base 2) in base 11?
-1770
Convert -43206 (base 7) to base 15.
-32ac
Convert -6565 (base 11) to base 12.
-501a
Convert 2376a (base 13) to base 5.
4034414
What is 3826 (base 15) in base 2?
10111010111001
What is c208 (base 13) in base 11?
19082
2056 (base 9) to base 6
10553
What is 368 (base 14) in base 6?
3052
What is 1001110011011000 (base 2) in base 8?
116330
122121 (base 3) to base 10
475
What is 142 (base 14) in base 15?
11e
What is -152255 (base 6) in base 13?
-6971
-1003 (base 12) to base 7
-5022
Convert -11010010101001 (base 2) to base 3.
-200111022
What is -21965 (base 10) in base 13?
-9cc8
-3a8 (base 14) to base 13
-448
10100001001001000 (base 2) to base 14
220d2
195a (base 14) to base 8
10754
Convert 749 (base 16) to base 13.
b06
-2b5 (base 12) to base 16
-1a9
1111101101 (base 2) to base 14
51b
Convert -41b5 (base 15) to base 6.
-144155
What is -3552 (base 7) in base 11?
-a92
What is -3724 (base 15) in base 16?
-2dd6
-112210 (base 3) to base 12
-293
Convert -12325 (base 6) to base 16.
-73d
Convert -205 (base 15) to base 12.
-31b
Convert 11201122 (base 3) to base 2.
110101110110
What is -6828 (base 13) in base 2?
-11100011101000
-216 (base 9) to base 5
-1202
32211 (base 4) to base 14
4a9
What is 801 (base 10) in base 8?
1441
-496 (base 10) to base 11
-411
-100101101 (base 2) to base 7
-610
9a4a (base 11) to base 6
141151
Convert 11013 (base 4) to base 12.
233
What is -31472 (base 8) in base 9?
-18881
What is 1001111110 (base 2) in base 4?
21332
What is 211212020 (base 3) in base 12?
9789
8352 (base 10) to base 12
4a00
What is -1100010000 (base 2) in base 16?
-310
Convert 223e (base 16) to base 15.
28e6
Convert 1433 (base 6) to base 10.
381
Convert -154 (base 9) to base 15.
-8a
Convert 3033 (base 7) to base 6.
4513
110242 (base 5) to base 16
eee
562 (base 14) to base 3
1110111
Convert -111 (base 10) to base 14.
-7d
-17c (base 14) to base 10
-306
What is 220210 (base 4) in base 14?
d36
What is -2a4a1 (base 11) in base 15?
-cbe2
89171 (base 10) to base 6
1524455
Convert -11110110101 (base 2) to base 10.
-1973
Convert 101010211 (base 3) to base 2.
1110011100001
Convert 92 (base 13) to base 8.
167
Convert -12213 (base 4) to base 11.
-355
1c4a (base 15) to base 14
234d
Convert -374 (base 15) to base 6.
-3344
What is 22 (base 8) in base 3?
200
What is -1636d (base 14) in base 12?
-281a5
-101033 (base 5) to base 9
-4431
Convert -8124 (base 12) to base 2.
-11011010101100
What is 6163 (base 7) in base 3?
2221201
-a889 (base 16) to base 8
-124211
What is -3f4 (base 16) in base 12?
-704
252c (base 15) to base 16
1eed
Convert 2405 (base 9) to base 8.
3373
Convert -1221333 (base 4) to base 3.
-100022020
Convert -767 (base 12) to base 6.
-5011
10000100010001 (base 2) to base 13
3b12
14787 (base 15) to base 4
100010203
What is -ee (base 16) in base 12?
-17a
Convert -69a (base 15) to base 9.
-2041
Convert -1104214 (base 5) to base 14.
-7073
1004 (base 8) to base 5
4031
Convert 112010 (base 4) to base 5.
21122
What is 38d (base 16) in base 6?
4113
Convert -2517 (base 10) to base 16.
-9d5
What is 24b (base 12) in base 14?
1ab
What is 37b10 (base 12) in base 2?
10010100001111100
Convert 215 (base 14) to base 6.
1523
19627 (base 12) to base 5
2142213
3952 (base 10) to base 4
331300
-2131 (base 7) to base 16
-2f5
What is -12006 (base 8) in base 14?
-1c22
What is 8c1c (base 16) in base 3?
1211012110
Convert 25030 (base 8) to base 7.
43263
-10200200012 (base 3) to base 9
-120605
11830 (base 10) to base 13
5500
Convert 1200 (base 4) to base 14.
6c
What is -111000 (base 3) in base 2?
-101011111
Convert 61 (base 13) to base 5.
304
30541 (base 6) to base 2
111111111101
Convert -100010110111 (base 2) to base 3.
-10001122
-201101 (base 3) to base 8
-1013
-59a (base 11) to base 6
-3150
4676 (base 12) to base 3
101210100
What is 3440 (base 10) in base 13?
1748
-446 (base 11) to base 12
-386
-357 (base 9) to base 12
-207
What is -355140 (base 7) in base 13?
-232cb
b68a (base 12) to base 5
1114403
Convert 1349 (base 10) to base 13.
7ca
Convert 1d03 (base 16) to base 3.
101012002
Convert 2111020 (base 3) to base 8.
3427
-4540 (base 8) to base 16
-960
7600 (base 8) to base 12
2368
-111011011 (base 2) to base 14
-25d
What is -2431 (base 6) in base 5?
-4340
-10111110100110 (base 2) to base 4
-2332212
-1000111010101 (base 2) to base 14
-1941
-b602 (base 13) to base 15
-76dd
Convert -2422222 (base 5) to base 7.
-246051
Convert 34033 (base 5) to base 14.
c2d
Convert -165 (base 10) to base 8.
-245
Convert 20d (base 15) to base 16.
1cf
2211 (base 3) to base 14
56
7b2 (base 15) to base 5
23432
Convert 4956 (base 10) to base 14.
1b40
What is -14a (base 15) in base 8?
-447
What is -111222101 (base 3) in base 8?
-23715
Convert -221220101 (base 3) to base 13.
-8797
Convert 2c3 (base 13) to base 10.
497
Convert 7743 (base 15) to base 10.
25263
Convert 10751 (base 9) to base 10.
7174
18802 (base 9) to base 3
122220002
1d1 (base 16) to base 8
721
Convert -43112 (base 11) to base 7.
-350526
Convert 8366 (base 9) to base 16.
17f7
-524 (base 7) to base 15
-128
12202102 (base 3) to base 9
5672
Convert -421 (base 11) to base 10.
-507
1211021 (base 3) to base 4
110302
Convert -d34 (base 14) to base 8.
-5042
Convert -78b (base 16) to base 4.
-132023
What is -25240 (base 6) in base 7?
-13662
What is 28403 (base 9) in base 5?
1104111
Convert 2614 (base 7) to base 6.
4331
-a83 (base 11) to base 5
-20201
What is -31213 (base 4) in base 11?
-722
Convert 2523 (base 8) to base 12.
957
Convert -12032 (base 4) to base 13.
-248
Convert -3101 (base 6) to base 7.
-1666
-334ba (base 12) to base 2
-10000101000001110
-4ca (base 15) to base 8
-2102
Convert 20431 (base 5) to base 7.
3661
Convert f03 (base 16) to base 11.
2984
What is 41676 (base 9) in base 13?
c6b7
What is -443220 (base 5) in base 3?
